-2*c**2 + 12*c + 1. Let d be j(6). Let a(s) = 4*s**2 + s + 4. Let w(x) = -x**2 - x + 1. Let n(t) = d*a(t) + 5*w(t). What is n(-7)?
-12
Suppose -31*u - 24 = -23*u. Let j(b) = 4*b + 5. Determine j(u).
-7
Suppose 4*m - 1 = -f, 0 = -4*f - 5*m + 4 + 11. Let i(a) = a**2 + 5*a + 2*a + 0*a**2 + f + a. Let j = -9 - -4. What is i(j)?
-10
Let v(d) be the first derivative of d**2 + 4*d + 2. Let n be 7/(3 + 4) + 0 + -5. Give v(n).
-4
Suppose 0 = -t + 3 - 6. Suppose -5*s = 2*w - 18, 4*w - 5*s - 14 = -4*s. Let z(a) = -5*a**2 + 1. Let u(h) = -4*h**2 - h. Let v(b) = w*u(b) - 3*z(b). Give v(t).
0
Let c(i) = -9*i**3 - 2*i**2 - i + 1. Let d(a) = a**3 - a**2 + 1. Let n(x) = c(x) - 2*d(x). Determine n(-1).
11
Let b(j) = 320 + 318 - 4*j - 600. What is b(9)?
2
Let c be -6*(-1 + 0)*4/6. Suppose 2*p = f - 4, 0 = f + 2*p + 2*p - c. Let n(i) = i - 9. Determine n(f).
-5
Let j = 317/198 + -10/99. Let w(m) be the second derivative of j*m**3 + 0 + 0*m**2 + 4*m. Determine w(1).
9
Let x(q) = -q + 20. Let w = -326 - -326. Determine x(w).
20
Let q be 2/(3 - 28/8). Let j be (q/6*3)/(-1). Let h(g) = g**3 - 3*g**2 + 2. Let i be h(j). Let p(w) = w**2 + 2*w + 2. Determine p(i).
2
Let r(m) be the third derivative of -1/12*m**4 + 25*m**2 + 1/2*m**3 - 1/120*m**6 + 0 - 1/60*m**5 + 0*m. Determine r(-3).
27
Let l(o) be the second derivative of -o**4/12 - 2*o**3 - 2*o**2 + 8*o - 9. Calculate l(-8).
28
Let b(j) = 4*j**2 - 5*j**2 - 2 + j - j**3 - 2*j**2. Suppose -318*s + 329*s = -33. What is b(s)?
-5
Let z(l) be the first derivative of -5*l**2/2 + 4*l + 138. Give z(2).
-6
Let x(u) = -8*u + 18. Let d be x(4). Let c be 2/(-4)*(4 + d). Let v(j) = -j + 8. Calculate v(c).
3
Suppose 2*m - 2*c = -10, -35 = 3*m + 2*m + 5*c. Let n(l) = -l + 3*l + l**2 - 6 + l + 2*l. What is n(m)?
0
Let b(j) = 5*j - 19. Let x(i) = 6*i - 19. Let w(f) = 3*b(f) - 2*x(f). Let d be w(9). Let p(a) = -7*a + d + 9*a + a - 2*a. Give p(-5).
3
Suppose -7*t + 3*t = 0. Let j(o) = 4*o**2 - 3*o**2 + 3*o**3 - 2*o**3 + 3 + 0*o**2 - 13. Determine j(t).
-10
Let b(z) = z**2 + 2*z + 4. Suppose -14*x + 54 + 16 = 0. Suppose 3*d + 6 = x*d. Determine b(d).
19
Let v(g) be the first derivative of 3*g**4/4 + 9*g + 5. Let p(s) be the first derivative of v(s). Give p(1).
9
Let i(b) = -263 - 5*b**2 + 257 - 10*b + 21*b + 8*b**2. Determine i(-4).
-2
Let k(o) = -o**3 - 2*o**2 + 2. Suppose 3 = -n + 3*c + 20, 0 = 2*n - c - 14. Suppose 25 = -n*b + 15. Give k(b).
2
Let h(o) = -o**3 + 31*o**2 - 32*o + 61. Let j be h(30). Let x(m) = 2 + 1 + 0 + m**3 - 4*m. Let y(l) = -l**3 + 3*l - 2. Let r(w) = -3*x(w) - 4*y(w). Give r(j).
0
Suppose 0 = -4*r + 2*r - 6. Let x(i) = -i**3 - 5*i**2 + 2*i + 3. Let w(j) = -3*j**3 - 16*j**2 + 5*j + 9. Let z(d) = 2*w(d) - 7*x(d). Calculate z(r).
9
Suppose 4*g + 477 = 5*c, 16 + 350 = 4*c + 2*g. Suppose 95*y = c*y - 8. Let t(v) = -v**3 - 3*v**2 + v + 1. What is t(y)?
13
Let x(w) = w**2 - 16. Let s be x(-8). Let b = -45 + s. Let r(j) = j - 4. Determine r(b).
-1
Suppose -5*m - 3*i + 11 = 0, 0 = -m - 5*i - 77 + 66. Let j(q) be the third derivative of -q**5/30 + 5*q**4/24 + q**3/6 - 2*q**2. Give j(m).
-11
Let z(x) = -11*x + 98. Let d be z(9). Let q(j) = 9*j. What is q(d)?
-9
Let l = -2 - -7. Suppose -27*u + 11*u = -15*u. Let j(y) = 5 - l*y**2 - 4 + u + y + 1 + y**3. Determine j(5).
7
Let m(j) = -j**2 - 6*j - 5. Let i(q) = 5*q**2 + 26*q + 21. Let g(t) = 2*i(t) + 9*m(t). Let p(h) = h**3 + h**2 + 2. Let b be p(-2). What is g(b)?
5
Let h(v) = 2*v**3 - 3*v + 4. Let y(d) = d**3 - d - 1. Let i be 1/(0 - (-3 + 2)). Let m(f) = i*h(f) - 3*y(f). Calculate m(0).
7
Let w(j) = 91 - 35 + j**3 - 35 - 12*j**2 - 30. Calculate w(12).
-9
Let m = -8 + 4. Let g(t) = t**2 + 7*t - 5. Let w be g(-8). Let y(x) = 3*x**2 + 3*x**3 + x + 5 - 4*x - 7*x**w + 5*x**3. What is y(m)?
1
Let j(x) = -14*x - 7. Let a(w) = -w - 1. Suppose -5*k + 46 = -24. Let i(b) = k*a(b) - 2*j(b). Calculate i(-1).
-14
Let k(o) = -o**2 - 5*o - 1. Let n(x) = x - 1. Suppose -3*i = -2*q + 11, -4*i = i + 15. Let d(m) = q*k(m) + n(m). Let r = 74 - 78. Determine d(r).
-2
Let j be (8/(-14))/(2/(-7)). Suppose -2*w - k + j = -4, w - 3 = -k. Let m(c) = c**w + 4*c**3 - 3*c**3 - 4*c**3 + 1 - c**2. Give m(1).
-2
Let f(z) = 3*z. Suppose 5*v = t + 2*t - 9, -4 = -t + 2*v. Let u be f(t). Let g(m) = m**3 - 5 + 12 + 39*m + 34*m + 6*m**2 - 72*m. Give g(u).
1
Let z = -310 - -311. Let v(j) = -3*j. What is v(z)?
-3
Let r = -18 - -16. Let x(g) be the third derivative of g**8/10080 + g**6/360 - g**5/30 + 8*g**2. Let p(t) be the third derivative of x(t). Calculate p(r).
10
Let n(k) = -5*k**2 + 14*k - 12*k - 4 + 6*k**2. Calculate n(0).
-4
Let b(k) = -53 + 163 - 59 - 48 + k. What is b(-10)?
-7
Let t(d) = 3*d**2 - 112*d - 68. Let w be t(38). Let b(u) = u**2 - 11*u + 17. Give b(w).
-7
Let t(i) = 10*i. Let k(p) = p**3 + 3*p**2 - 4*p + 4. Let s be (-21)/14 - 5/2. Let d be k(s). Suppose -d*b - 4 = 4*g, -b = -6*b + 4*g + 13. What is t(b)?
10
Let p(b) = b**2 + 9*b + 8. Let n be p(-8). Suppose n = 3*h - 2*q + 41, 0 = -3*h - 4*q - 18 - 35. Let o = -11 - h. Let x(v) = -2*v + 3. Give x(o).
-5
Let k(d) = -d**3 + 4*d**2 + 11*d - 3. Let o = -840 - -846. Give k(o).
-9
Let g(a) be the second derivative of -a**5/20 + 5*a**4/12 + a**3/3 - 2*a**2 - 2*a. Let i = -19 + 17. Let w be i/(-1)*50/20. Determine g(w).
6
Let z(l) = 16*l - 6. Let y(s) = 32*s - 33*s + 5 - 4. Let b(x) = 3*y(x) + z(x). Let w(n) = 3*n - 1. Let d(m) = 4*b(m) - 18*w(m). What is d(4)?
-2
Let i(o) = o**2 - 10*o + 23. Let j be i(7). Let u(l) = 1. Let s(t) = t**2 - 12*t + 7. Let w(y) = j*u(y) - s(y). What is w(11)?
6
Let v(x) be the second derivative of x**3/6 - 3*x**2/2 - x - 1. What is v(7)?
4
Let n(f) = f - 444*f**3 - 3*f**2 + 0 - 453*f**3 + 901*f**3 + 2*f**2 + 1. Give n(2).
31
Suppose -4*g - 4*n + 40 = 0, 52 = 3*g - 3*n + 10. Let v = -9 + g. Let k(y) = -3 + v + 0 + 1 - 3*y. What is k(2)?
-5
Let p(f) = f + 2. Let h(q) = -3*q + 5. Let x be h(7). Let n = x - -8. Let k = 3 + n. Calculate p(k).
-3
Suppose l = 5*w - 1 - 3, 0 = -w + 2*l - 1. Let s(k) = -27*k**2 - k + 1. Calculate s(w).
-27
Let h(y) = -5*y - 4. Let s(c) = -5*c - 1 + 11*c - 8*c. Let w(m) = -3*h(m) + 8*s(m). Give w(-3).
7
Let v(u) = 8*u - 9*u + 4 - 3 - 12. Suppose -2*f = p - 6*f, p + 14 = -3*f. Calculate v(p).
-3
Let q(f) = f**3 + 3*f**2 - 5*f - 4. Let u be (-91)/(-39) + (-2)/6. Let a be (-1)/((-10)/6 + u). What is q(a)?
11
Suppose -4*t + 24 = -84. Let k(z) = -4*z**2 + 6 - t*z**3 + 3*z + 5*z + 26*z**3. Determine k(-5).
-9
Let q(c) = c - 18. Let s(g) = g + 12. Let j be s(5). Let l be q(j). Let y = 4 + l. Let a(h) = -h**3 + 2*h**2 - h + 4. Determine a(y).
-8
Suppose 2*d + 2*q = -d + 145, -d = -5*q - 54. Let o = d + -54. Let b(u) = -u - 2. Calculate b(o).
3
Let h be (-7)/(-12 + 6 + 7). Let g(v) = 4*v**2 + 26*v - 5. Give g(h).
9
Let w(t) = t**2 - t + 1. Let s = 35 - 29. Let i be (-4)/((-3 + 0)/s). Let y(v) = v - 10. Let n be y(i). What is w(n)?
7
Suppose -i + 12 = -3*i. Let k = -3 + 6. Let b(o) = 1 - 2*o + k*o + o**2 + 6*o. Give b(i).
-5
Suppose -3*z + 17 - 3 = -5*j, 0 = -5*z - j + 14. Let u(f) = -3*f**2 + 2*f**2 + 64*f**3 - 63*f**z. Give u(1).
0
Suppose 0 = 2*c + 4*b - 22, 80*b - 76*b - 12 = 0. Let v(a) = 10*a**2 - 22*a - 9. Let r(m) = -7*m**2 + 15*m + 6. Let p(g) = -7*r(g) - 5*v(g). Give p(c).
3
Let q be 4/((-5)/(75/(-20))). Let k(h) = -17*h**q + 5*h**2 - 10*h + 2 + 18*h**3 + 7*h. Determine k(-6).
-16
Let n(f) = -2*f + 2. Let h be n(2). Let m(k) = -2*k**2 - 4*k - 1. Calculate m(h).
-1
Let y(l) = -11*l**2 + 12. Let x(f) = -23*f**2 + 26. Let t(d) = 6*x(d) - 13*y(d). What is t(-1)?
5
Let g(y) be the second derivative of y**3 - 9*y**2/2 + y. Let t(q) = -4*q + 6. Let b(k) = -5*g(k) - 8*t(k). Calculate b(4).
5
Let f(k) = -3*k**3 + 7*k**2 + 3*k + 6. Let s(b) = 2*b**3 - b**2 - 1. Let w(g) = f(g) + 2*s(g). Calculate w(-4).
8
Let o(n) = n - 3. Suppose -4*j = -k - 7, 0 = -4*j + 2*j + k + 3. Suppose -s + 2*s - j = 0. Give o(s).
-1
Suppose -1 - 3 = -y + 4*j, -84 = -4*y - j. Suppose 6*c - y = 4. Let a(x) = x**3 - 5*x**2 + 4*x - 4. Give a(c).
-4
Let k(i) = -i**3 - 5*i**2 + 5*i - 6. Let b(g) = -3*g - 2. Suppose 0 = 4*f - m + 4, 2*m + 8 = -2*f + m. Let y be b(f). Suppose -y - 8 = 2*t. Calculate k(t).
0
Let h(b) be the third derivative of b**4/8 - 5*b**3/2 + 10*b**2 + 2*b. What is h(11)?
18
Let j(i) = -10*i**2 + 2 - 3*i**3 - 355*i 